 j be s(-13). Let v(f) = 2*f**2 + 1. Give v(j).
33
Suppose -22 = -2*u + 24. Let c(m) = -u*m + 21*m + 3*m - 15. Calculate c(8).
-7
Let a be (-6)/(-9) - (-672)/(-36). Suppose -2*d + 22 + 6 = 0. Let v = d + a. Let k(p) = -3*p + 1. Calculate k(v).
13
Suppose 0*x = -5*x + 25. Let t(b) = -2310 + 8*b**2 - 4*b - 6*b**2 - 3*b + 2311 + 2*b. Give t(x).
26
Let i(k) = 7*k - 23153 + 22844 + 7*k - 2*k. Calculate i(25).
-9
Let n(f) = f - 5. Let d = 353 + -343. Suppose 0 = 4*c - d*c - 36. Determine n(c).
-11
Let l be 3/(-1 + (-33)/(-24)). Let a(g) = -9*g**3 - 9*g**2 - g + 11. Let s(y) = y**3 + 2*y**2 + y. Let r(t) = -a(t) - 8*s(t). Determine r(l).
-3
Suppose -8*v + 221 - 189 = 0. Let j(h) = 4*h - 7*h + h + v. Suppose 3 = o + 5*y + 4, o - 3*y = 7. Calculate j(o).
-4
Let n(u) = u - 4. Let x be -2 + (6/(-15))/((-6)/60). Suppose -8*s + 9*s = 4*o - 11, -8 = -x*o. Give n(s).
1
Let i(m) be the second derivative of m**3/2 + 10*m**2 + m - 191. Calculate i(3).
29
Let s(o) = -2*o - 5. Suppose 0 = -2*f + 376 - 154. Let m = f + -114. Determine s(m).
1
Let z(a) = 3*a + 2. Let x(m) = 5*m - 27. Suppose -40 = -3*g - 5*g. Let f be x(g). Let q be 6*(f/4 + 0). Calculate z(q).
-7
Suppose -4*f - 3 + 4 = -i, -f + 5*i = -5. Let c(l) = 6*l**2 + f*l + 2477 - l**3 - 2470 + 0*l. Give c(6).
7
Let k(b) = -4*b**2 - b**2 - b**3 - 5 - 2*b + 2*b**2. Let d = -768 + 771. Let a(q) = q**2 + q - 1. Let y(g) = d*a(g) - k(g). What is y(-4)?
14
Let m(j) be the second derivative of j**4/6 + 41*j**3/6 + 15*j**2/2 - 1816*j - 2. Calculate m(-18).
-75
Suppose -4*h - 10*y + 11*y = -33, 5*y = -h + 24. Let n(c) = -c - 8*c - c + h*c. Determine n(5).
-5
Let f(v) = -270*v - 1353. Let i be f(-5). Let m(c) = 2*c**3 + 9*c**2 + 8*c + 5. Give m(i).
8
Suppose -3*y - 4*b = -13, -50 + 69 = -3*y + 4*b. Let w(k) = -k + 9. Let o be w(8). Let t(q) = -2*q + 3*q + 2 - o. Determine t(y).
0
Let c(i) = -i**3 - 7*i**2 - 4*i - 27. Let w = 3795 - 3802. Calculate c(w).
1
Let n(t) = t**2 + 113*t + 930. Let a be n(-9). Let u(d) = 15*d + 105. Calculate u(a).
15
Let g(j) be the second derivative of -4*j - 2/3*j**3 - 9*j**2 + 1. Give g(-6).
6
Let r(d) = 4*d + 75. Let a be r(-17). Suppose -t - 1 = -s, -7*s + 3*t = -2*s - a. Let q(l) = -3*l**3 + l**2 + 2*l + 1. Determine q(s).
-15
Suppose -5*k - 5 = -4*b, -2*b = -3*k + 57 - 58. Let q(g) = -g**2 + 5*g - 5. Calculate q(b).
-5
Let h(y) be the second derivative of -y**4/12 + 13*y**3/6 + 4*y**2 - 1388*y. Determine h(10).
38
Let i(f) = f**3 - 8*f**2 + f - 9. Let c = 147 + -67. Suppose -4*z + c = 6*z. Calculate i(z).
-1
Let x = 118 - 128. Let u(d) = -3*d**2 + 7*d + 4. Let y(n) = -4*n**2 + 6*n + 2. Let j(o) = 5*u(o) - 4*y(o). Determine j(x).
2
Let n(z) = 3*z**3 + z + 10. Let j be n(0). Suppose 77 = j*c + c. Let a(p) = -p**3 + 7*p**2 + 2*p - 9. Give a(c).
5
Let v(u) = u**3 + 2*u**2 - 3*u - 7. Suppose -14*x - 11980 + 11938 = 0. Give v(x).
-7
Let z(w) be the second derivative of w**5/20 + 3*w**4/2 + 8*w**3/3 - 5*w**2 + 8*w + 5. Let n be z(-17). Let m(k) = -k**3 + 7*k**2 - k + 6. What is m(n)?
-1
Let t(c) = -c**2 + 28*c + 8. Let x be ((-1)/(-4)*(44 + -46)*0)/2. Give t(x).
8
Let v(z) be the second derivative of -z**5/60 + 7*z**4/24 + z**3/2 - 34*z**2 - 80*z. Let b(f) be the first derivative of v(f). What is b(8)?
-5
Let m = 38 - 36. Let k(f) = -f**m + 154*f + 125 - 120 - 148*f. Calculate k(5).
10
Let a be ((-4)/16)/((-2)/16). Let l(d) = -9 + 5*d**2 + 5 + a*d**3 - 2*d - 2*d**3 - 3*d**3 + 2*d**3. What is l(4)?
4
Let y = -1036 - -1029. Let k = -8 - -14. Let i(a) = -14*a**2 + 18*a - 1. Let d(r) = 5*r**2 - 6*r. Let t(l) = k*i(l) + 17*d(l). What is t(y)?
1
Suppose -12*t = -10*t + 126. Let d = -60 - t. Suppose -d*q + 7*q + 4*v = -4, 2*q + 30 = 5*v. Let b(i) = -i - 2. Give b(q).
3
Let n(d) = 1675*d**3 - 4*d**2 - 3119*d**3 + 1443*d**3 + d. Suppose 2*h - 20 = 7*h. Calculate n(h).
-4
Let a(l) = -7*l**3 - 13*l**2 + 14*l - 2. Let c(i) = 6*i**3 + 12*i**2 - 13*i + 2. Let n(u) = -5*a(u) - 6*c(u). Calculate n(-7).
-58
Let q be 0 + 8/20*10. Let a(j) = q + 14*j + 8*j - 3 + 0*j. What is a(-1)?
-21
Let y be ((-783)/435)/(1/(-5)). Let u(x) = 9*x - 72. Determine u(y).
9
Let s = -1765 - -930. Let p = s - -827. Let q(v) = -v**2 - 10*v - 6. What is q(p)?
10
Let j(q) = -32*q**2 - 160*q + 4. Let y be j(-5). Let p(k) = -k**3 - k**2 + 6*k - 2. What is p(y)?
-58
Let g(h) = h**2 - h + 1. Let j(x) = -9*x**2 + 6*x - 34. Let u(m) = 3*g(m) + j(m). Let i(d) = -2*d**2 + d - 11. Let n(b) = -17*i(b) + 6*u(b). Calculate n(0).
1
Let k = -26022 - -26021. Let j(s) = -13*s**2 - 3*s - 2. Calculate j(k).
-12
Let n(d) = 21*d**3 + 98*d - 83 - 66 - 130*d - 23*d**3 + 73*d**2. Determine n(36).
-5
Let i(b) be the first derivative of 39*b**2/2 - 512*b + 3828. What is i(13)?
-5
Let c(w) = 9*w + 866 - 3*w - 826. Give c(-14).
-44
Let f = 1450 + -1455. Let o(g) = g**3 + 10*g**2 + 21*g - 6. Determine o(f).
14
Let p(w) = -w + 63. Let j(z) = -z + 50. Let h(o) = 5*j(o) - 4*p(o). Calculate h(9).
-11
Suppose 30 = 2*q + 16. Suppose -f = -z - 6, -3*f = -0*z - 2*z - q. Let v(l) = l**3 + 11*l**2 + 2*l + 1. Calculate v(z).
-21
Let r(l) be the second derivative of -l**5/10 + l**4/6 + l**3/6 + 289*l. Let z = 11 + -12. Calculate r(z).
3
Let f(p) = 5*p + 3. Let c = -58 - -50. Let i be 0 + 76/(-8) + 4/c. Let q be (i/15)/((-48)/27 - -2). Calculate f(q).
-12
Let i(p) = p**2 - 5*p + 12. Let k = -29 + 69. Suppose k = 4*w - 0*w. Give i(w).
62
Let c(i) = -2*i**2 + 2587 - 3*i + 2583 - 5172 - 5*i**2 + i**3. Let a(y) = 3*y - 2. Let v be a(3). What is c(v)?
-23
Let d(k) = 3*k**3 - 2*k**2 + 38*k + 101. Let w be d(-2). Let j(x) = -5 + 8*x**2 + 0 + 0*x**3 + 2*x**3 - x**3 + 6*x. Calculate j(w).
2
Let s(p) = 47*p - 28. Let i(h) = 30*h - 22. Let o(k) = 8*i(k) - 5*s(k). Give o(-16).
-116
Suppose 0 = 4*z + 16, 5*z + 716 - 224 = -4*q. Let a = q + 117. Let v(y) = -14*y**2 + 2*y + 1. Determine v(a).
-15
Let s be 2/(-5)*13*10. Let u = 54 + s. Let j(a) = 0*a**3 - 285*a**u + 572*a**2 - 281*a**2 + a**3 + 6*a. Give j(-4).
8
Let u(m) = -5*m**3 - 15*m**2 + 7*m - 5. Let d(f) = 6*f**3 + 20*f**2 - 7*f + 7. Let a(l) = -4*d(l) - 5*u(l). What is a(5)?
-38
Let n(v) = v**2 + 5*v + 5. Suppose -14 = 24*z - 22*z. Let y be (93/84 - (-4)/(-16))*z. Give n(y).
11
Let n(w) = -1018 - w**3 - 5*w + 1019 + 0*w**3 - 3*w**2. Calculate n(-5).
76
Let s(u) = u**3 + 3*u**2 - u. Let a(r) = 7*r**3 + 31*r**2 - 4*r + 16. Let x(w) = -a(w) + 6*s(w). Suppose -8 = 2*v + 18. Calculate x(v).
10
Let b = 38729 - 38744. Let s(f) = -3*f**2 - 48*f - 52. Let h(v) = -v**2 - 16*v - 17. Let p(g) = 11*h(g) - 4*s(g). Calculate p(b).
6
Suppose -5*s = 10, 5*j + 3*s + 40 = 3*j. Let x = -14 - j. Suppose -3*v + 2*l + 8 - 3 = 0, -4*v + 6 = -x*l. Let z(r) = r**2 - 2*r - 2. Calculate z(v).
1
Let o(c) = -3*c - 12. Suppose 2*x = -3*x + 15. Let i be (x - 6) + (-3 - -5) + -10. What is o(i)?
21
Let z(o) = -5*o + 110. Let x be z(21). Let k(m) = -3*m + x*m**2 + m**2 - 7*m - 5*m - 5*m**2 + 6. What is k(15)?
6
Let g(p) = -p**2 - 2*p + 61. Let c be (360/200)/(15/(-75)). Give g(c).
-2
Let d(k) = 20*k + 3099. Let q be d(-155). Let c(y) = y - 1. Let j(t) = -4*t + 3. Let f(o) = -15*c(o) - 5*j(o). What is f(q)?
-5
Let n(m) be the second derivative of -1/3*m**4 + 4/3*m**3 - 1/20*m**5 + 17/2*m**2 - 168*m + 0. What is n(-5)?
2
Let k(b) = -3*b**3 + 81*b**2 - 93*b - 147. Let l(m) = 2*m**3 - 53*m**2 + 62*m + 98. Let a(s) = 5*k(s) + 7*l(s). Determine a(33).
17
Let l(s) = s**3 - 11*s**2 - 22*s - 55. Suppose -2*f + 4*k + 6 = 0, 4*f - 9*k + 8*k = 47. What is l(f)?
-3
Let i(c) = -507 + 248 + 250 + 4*c. Determine i(14).
47
Let v = 20 + -14. Let x(a) be the third derivative of a**5/60 - a**4/4 + 3*a**3/2 - 66*a**2 + 4*a + 4. Calculate x(v).
9
Suppose 4*m - 352 = 4*h - 20, -253 = -3*m + 5*h. Let z = m + -76. Suppose -k - a + z*a = -12, 2*k + 15 = -5*a. Let i(g) = g**2 - g + 7. What is i(k)?
7
Suppose 24*f - 1341 + 213 = 0. Suppose 2*i = 4*y - y + f, 5*y + 120 = -5*i. Let g(l) = -l - 19. Calculate g(y).
0
Let y(s) = -16*s - 236. Let f be y(-15). Let z(h) = -20*h + 6. Determine z(f).
-74
Suppose 0 = -3215*o + 3224*o - 126. Let r(y) = -y**2 + 10*y + 40. Calculate r(o).
-16
Let d(l) = -6 + 32*l**2 - 69*l**2 + 36*l**2 - 18 + 11*l + 2. Give d(10).
-12
Let v(k) = -k + 1264 - 3778 + 2*k + 1259 + 1265. Let g be 1*21*5/(-15). Calculate v(g).
3
Let z(u) be the second derivative of u**4/12 +